rime factors of ((-62)/5)/((-2)/5)?
31
Let j be (-47)/(-4) - 1/(-4). Suppose 11 = y + 6. Suppose y = t - j. List the prime factors of t.
17
Suppose 0 = -5*k - 47 + 152. Let u = k + -11. List the prime factors of u.
2, 5
Let m = -17 - -18. Suppose -z + 5 + m = 0. List the prime factors of z.
2, 3
What are the prime factors of 28 + -1 + (-1)/(-1)?
2, 7
List the prime factors of (-2)/(-7) + (-2616)/(-56).
47
Suppose 5*x + 2*o = 883, -6*x = -x - 4*o - 859. What are the prime factors of x?
5, 7
Let y(l) = -23*l. Let c be y(2). Let w = c - -80. Suppose -4*b + 6 = -w. List the prime factors of b.
2, 5
Let c(g) = -22*g + 7. Let s be (-58)/(-8) + (-2)/8. Let i be c(s). List the prime factors of i/(-12) - 2/8.
2, 3
Let c be 22/6*-1*15. Let p = -31 - c. List the prime factors of p.
2, 3
Suppose 0 = -25*n + 31*n - 582. List the prime factors of n.
97
Suppose 3*i = 20 + 34. What are the prime factors of i?
2, 3
Let q be (-42)/4 - 9/(-6). Let n = q - -25. List the prime factors of n.
2
List the prime factors of ((-51)/(-6) - 3)*2.
11
Suppose -3*j - 54 = -15. Let c = -11 - j. What are the prime factors of c?
2
List the prime factors of -159*((-2)/(-5) - 28/20).
3, 53
Suppose 3*w - 6*w = 2*g - 15, -5*g = -w - 63. What are the prime factors of g?
2, 3
Let j(c) = -c**3 - 10*c**2 + 12*c + 13. Let q be j(-11). Let u = 6 - 4. Suppose -u*r + 6*r - 51 = -5*t, -5*r + 51 = q*t. What are the prime factors of r?
3
Let l(z) be the second derivative of z**3/6 + 13*z**2/2 - 3*z. What are the prime factors of l(-10)?
3
Suppose 2*t + d = -7, 2*t - 4*d - 7 = 1. List the prime factors of (-4)/(-6 - t)*13.
13
What are the prime factors of (15/6)/(-5)*(0 - 186)?
3, 31
Suppose 0 = -2*l - 2, 3*l - 158 = -3*i - l. Suppose -5*q = 4*k - i, -4*q + 2*k + k = -37. What are the prime factors of q?
2, 5
Let c = 41 + -27. List the prime factors of c.
2, 7
Let g be (-10)/(-1)*(-6)/15. What are the prime factors of ((-117)/18)/(2/g)?
13
Let s(r) = -r + 6. Let m(x) = -x + 6. Let t(a) = a - 6. Let i(p) = 6*m(p) + 5*t(p). Let h(o) = 2*i(o) - 3*s(o). What are the prime factors of h(10)?
2
Let j = 24 + 16. What are the prime factors of j?
2, 5
Suppose -s + 2*x + 2*x + 2 = 0, 0 = -x - 1. List the prime factors of s/8*-10*8.
2, 5
Suppose 0*z - 317 = -2*z - 3*n, -4*z + 5*n + 623 = 0. List the prime factors of z.
157
Suppose -a + 7 = 1. What are the prime factors of (3/a)/((-1)/(-22))?
11
Let h(s) be the third derivative of s**5/30 - s**4/8 - s**3/2 - 2*s**2. What are the prime factors of h(-3)?
2, 3
Suppose -124 = -3*f + 4*b, -4*f + 204 = f - 4*b. Let x be ((-6)/(-8))/(5/f). What are the prime factors of (-2)/(-3) - (-8)/x?
2
Let n be 2 - (-1 - (-1 - -3)). Let b = 7 + n. List the prime factors of b.
2, 3
Suppose -7*o - k + 173 = -2*o, o - 5*k = 19. What are the prime factors of o?
2, 17
List the prime factors of 10 + 86 + 8/2.
2, 5
Let r be 11/9 - 10/45. List the prime factors of 0/(-5) + r + 3.
2
Suppose q + 3*q - 24 = 0. Let x(u) = -33*u**3 - u - 1. Let i be x(-1). List the prime factors of q/4 - i/(-6).
7
Suppose 0 = -v + 75 - 19. List the prime factors of v.
2, 7
Let d(o) be the third derivative of o**4/8 + o**3/3 - 3*o**2. What are the prime factors of d(3)?
11
Suppose 3*o + 10 = -5*s, -o - 4*s = 4*o - 5. Suppose 2*q = r + 43, 0*r + 124 = o*q + 3*r. What are the prime factors of q?
23
Let y(d) = 2*d**2 + 28*d + 4. List the prime factors of y(5).
2, 97
Let h(m) = m**2 + 10*m + 6. Let w be h(-10). List the prime factors of (-38)/(3 - (-2 + w)).
2, 19
Let m(q) = -q**2 - 5*q + 6. Let k be m(-6). Suppose 4 = -k*j - 4*j. What are the prime factors of (0 - j)/((-2)/(-12))?
2, 3
Suppose i - 2 - 43 = 0. Suppose -3*u - 5*n = -92, u - i + 13 = -2*n. List the prime factors of u.
2, 3
Suppose 0 = 5*b - 201 - 19. What are the prime factors of b?
2, 11
Suppose -5*m + 29 = -1. Let f(n) = n. Let x be f(m). Suppose x*u = 2*u + 16. List the prime factors of u.
2
Let p(i) = 9*i**2 - 2*i - 2. What are the prime factors of p(2)?
2, 3, 5
Suppose -2*f - 2*l = 12, 0 = 3*f - 2*l - 2 + 5. What are the prime factors of f/18 - (-182)/12?
3, 5
Suppose -30 = -5*i + 60. List the prime factors of i.
2, 3
What are the prime factors of 44 + -6*3/6?
41
Suppose 0 = t - 90 - 131. Suppose -t = -5*a - f, -123 - 5 = -3*a + 4*f. What are the prime factors of a?
2, 11
Suppose -5*w + 11 = 4*y, 0*y + 5*w - 13 = -2*y. List the prime factors of (-2 - y) + (-75)/(-3).
2, 3
Let o be (-12)/4 - -1 - -22. Let i = o + 7. What are the prime factors of i?
3
Suppose 3*z = t - 46, 3*t + 0*z - 90 = -3*z. What are the prime factors of t?
2, 17
Let a = -49 + 65. List the prime factors of a.
2
Let f = 6 + -2. Suppose -f*k + k = -27. List the prime factors of k.
3
Let f = 10 + -5. Suppose 8 = r - 4*s, -4*r - f*s - 42 + 137 = 0. List the prime factors of r.
2, 5
Suppose 4*x = -3*l + 1226, -3*x - 2*l = -2*x - 304. List the prime factors of x.
2, 7, 11
Suppose 2*a = a - 1. What are the prime factors of (1*a)/(5/(-85))?
17
Let b be (2 - 2)*(-4)/(-8). Suppose b = v - 0*v - 7. List the prime factors of v.
7
Suppose -9 = -5*h + 2*h. Suppose 0 = h*w + 3, 5*y = 3*y + 5*w + 23. List the prime factors of y.
3
Let c = -2 - 3. Let v(q) = -2*q - 14. Let z be v(-10). Let h = z - c. What are the prime factors of h?
11
Let c(v) = v + 2. Let w be c(4). List the prime factors of w + (-1)/(-1) + -2.
5
Suppose 0 = -3*b + 220 + 341. What are the prime factors of b?
11, 17
Suppose -i - 4*p - 7 + 52 = 0, 4*i - p = 129. List the prime factors of i.
3, 11
Suppose 0 = 4*t - 3*t - 58. Let y be (-1)/(-1 - 84/(-82)). Let p = y + t. List the prime factors of p.
17
Let y = 137 + -22. List the prime factors of y.
5, 23
Suppose -3*m = -8*m + 25. Suppose 3*y + m*n = 82, 0 = -2*y - 0*y + 4*n + 40. What are the prime factors of y?
2, 3
Let k be (9/(-3))/(-3) + 0. Suppose 0 = -3*l + k + 5. What are the prime factors of l?
2
What are the prime factors of (13 + 103)*(-2)/(-8)?
29
Suppose -5*w + 393 = 4*v + 82, v = -3*w + 69. What are the prime factors of v?
2, 3, 7
Suppose -4*i + 2*i + 238 = 2*y, -3*y + i = -365. What are the prime factors of y?
11
Suppose 0 = 5*v - 4*m - 3 - 5, 0 = -5*m - 10. Suppose g - 23 = -h, -3*h = -g - v*h + 27. List the prime factors of g.
2, 3
What are the prime factors of 3*(-2)/6*-3?
3
Let y be (-10)/(-6)*(-1 + -14). What are the prime factors of -2 - -1 - (y + -9)?
3, 11
Let l(s) = -s - 10. Let n be l(-10). Suppose n = -4*k + 4*f + 64, -20 = -3*k - 4*f + 28. What are the prime factors of k?
2
Let o(j) = 8*j + 2*j**2 + 0*j**2 + 3 + 0*j**2. Let i be o(-5). Let x = i - 4. What are the prime factors of x?
3
Suppose -7*k + 210 = -2*k. What are the prime factors of k?
2, 3, 7
Let f(n) = 0 + 2 - n + 0*n**2 + n**2. Let l = 7 - 7. What are the prime factors of f(l)?
2
Let h = -1 - -25. Let y = 47 - h. List the prime factors of y.
23
Suppose -10 = -2*a, -2*m + 66 = -4*a + 14. What are the prime factors of m?
2, 3
Let i = 2 + 37. What are the prime factors of i?
3, 13
List the prime factors of 2 - 5 - 1 - -24.
2, 5
Suppose -4*u - 27 = -5*u. Suppose -5*s + u = -2*s. Let j = 6 + s. List the prime factors of j.
3, 5
Let y be -2 + (35 - -2) + 1. Suppose -y = -o + 4*o. Let q = -2 - o. List the prime factors of q.
2, 5
Let o(q) = -q**3 - 11*q**2 + 6*q + 21. List the prime factors of o(-12).
3, 31
Let x be 9/(2*3/12). Let o = -7 + x. What are the prime factors of o?
11
Suppose -4*x + 2*x = 2*w - 22, 4*w - 26 = 5*x. Let b = 54 - w. What are the prime factors of b?
3, 5
Suppose 5*d + 6*d - 1034 = 0. What are the prime factors of d?
2, 47
Let y(f) = -33*f + 2. Let g be y(-4). Suppose 6*u = 3*u + o + g, 2*o = 4*u - 180. What are the prime factors of u?
2, 11
Let q(p) = -p**2 + 13*p + 6. What are the prime factors of q(11)?
2, 7
Let m be 14/(-35) + (-4)/(-10). Suppose 3*z - 2*b - b = 90, z - 2*b - 32 = m. What are the prime factors of z?
2, 7
Let j = 120 - 16. Suppose -4*c - 4*d = -j, c + 2*d = 4*c - 73. What are the prime factors of c?
5
Let z be 7/(-14) - (-10)/4. Suppose p + 4*p - 40 = 0. Suppose p = z*y + 2. What are the prime factors of y?
3
Suppose 0 = -4*c + d + 24, -d = 4*d + 20. Let s = 2 + c. What are the prime factors of s?
7
Let d be 17/(-2 - -3 - 0). Let q = d + -3. What are the prime factors of q?
2, 7
Let p(v) = v**3 - 16*v**2 + 27*v - 5. List the prime factors of p(15